 + 2 - -1). Let z(m) = -m + 4. What are the prime factors of z(a)?
2
Let z(l) = l**2 + 8*l + 9. Let d be z(-7). Suppose 2*i - 10 = d. What are the prime factors of (8/12)/(1/i)?
2
Let g(a) = -5*a**2 - 10*a - 10. Let y(v) = -v**2 - v - 1. Let l(c) = g(c) - 6*y(c). What are the prime factors of l(7)?
17
Let r(q) = q**2 - 5*q - 10. Suppose -f = -3, 5*g + 4*f = 2*f + 41. Let h be r(g). Suppose -x = x - h. List the prime factors of x.
2
Suppose -q + 4*w = w + 12, 0 = -4*w + 8. Let t = q + 9. List the prime factors of t.
3
What are the prime factors of (0 + (-45)/(-1))/1?
3, 5
Let k be ((-2)/4*-12)/2. Suppose k*d - 57 = -3*h, -5*d + d = -16. What are the prime factors of h?
3, 5
Let y be (-27)/6*8/(-12). Suppose -5*a - y = -98. What are the prime factors of a?
19
Suppose 0 = -5*g + 701 - 101. What are the prime factors of g?
2, 3, 5
Suppose 3*h - 5 = 1. What are the prime factors of -4 + 96/h - -2?
2, 23
Let q = -7 - -6. What are the prime factors of (-1)/(-1*q/(-17))?
17
What are the prime factors of (-1)/(1 + -2) - -49?
2, 5
Let r(f) = 5*f - 4. List the prime factors of r(8).
2, 3
Let c = 5 - 0. Suppose -4*d + 5*u + 9 = 0, 39 = -d + c*d + 5*u. List the prime factors of d.
2, 3
Let l be (-9)/(-2)*(-16)/(-4). Let c = -5 + l. List the prime factors of c.
13
Let h = 1159 - 756. What are the prime factors of h?
13, 31
Let i(m) = -m - 27. Let f be i(0). Let g = f + 44. What are the prime factors of g?
17
Let p = 104 - 67. List the prime factors of p.
37
Let d(z) = z**2 - 4*z + 7. Let q = 1 - -4. What are the prime factors of d(q)?
2, 3
Let s(k) = k**2 - 6*k - 2. Let n(v) = -v**2 + 6*v + 3. Let q(j) = -6*n(j) - 7*s(j). Let h be q(6). List the prime factors of (16/(-10))/(h/20).
2
Let d = 26 - 17. List the prime factors of 326/6 + (-3)/d.
2, 3
Let y = -1 - -2. Let z = y - -1. Let a(t) = t**2 - t + 2. List the prime factors of a(z).
2
Let q(y) = -y**3 + y + 3. Let j be q(0). Suppose 128 = -j*f + 7*f. What are the prime factors of f?
2
Let d = 20 - 39. What are the prime factors of 1/(-1)*d*1?
19
Let u be 98/21 - (-2)/6. Suppose f = 9 + u. What are the prime factors of f?
2, 7
Suppose 128 = 5*l - 2*k, 26 = -3*l - 4*k + 82. List the prime factors of l.
2, 3
Let f = 91 + 70. What are the prime factors of f?
7, 23
Let g be -1*(1 - 2) - -1. Suppose -q + 90 = -g*f + 7*f, 4*f - 58 = 2*q. Let n = -8 + f. What are the prime factors of n?
3
Suppose 0*h + 2*h - 4 = 0. Suppose 2*o - 9 = -l, -3*l - 13 = -4*o - 0*l. Suppose 3 = b + o*a, -2*b = -h*a + 3*a - 6. What are the prime factors of b?
3
Let g = 112 + 63. What are the prime factors of g?
5, 7
Let m be 1 - 1 - 1*-3. Suppose 11 = m*v - 7. Let w = 9 - v. What are the prime factors of w?
3
Suppose 10 + 42 = 2*i. What are the prime factors of i?
2, 13
Suppose 9 = -3*b, 0 = j + 2*b - 4 - 149. List the prime factors of j.
3, 53
Suppose 5*z - 2 = 3*t, 2*z = -3*z - 4*t - 26. Let d = -1 - z. List the prime factors of d*6/(-4)*-6.
3
Let a(h) = 5*h**2 - h - 1. Let i be a(-1). Suppose -j = -i*j. Suppose -47 = -5*x - j*r + r, 29 = 3*x - r. What are the prime factors of x?
3
Suppose 2*b - 6 = 2*l, 3*b = 5*b - 4*l - 6. What are the prime factors of b?
3
Let v = -68 - -117. List the prime factors of v.
7
Let t be (-2 - -2)/(0 + -2). Suppose t = 3*f - y + 5*y - 66, y = 4*f - 69. List the prime factors of f.
2, 3
What are the prime factors of ((-8)/(-10))/(2/115)?
2, 23
Let v(u) = -u**3 - 7*u**2 - 3*u - 7. Let g be v(-7). List the prime factors of g/49 + 192/14.
2, 7
Let f = -187 + 442. List the prime factors of f.
3, 5, 17
Let v(i) = i**3 + 10*i**2 + 8*i - 7. Let q be v(-9). Suppose -q*j + b = -70, 3*b - 21 = -j - 0*j. What are the prime factors of j?
3, 11
Let b be 1/(-2) + (-205)/(-2). Let g be b/27 + (-6)/(-27). Suppose 0 = -3*w - 3*y + 36, y + 45 = g*w + 4*y. List the prime factors of w.
3
Suppose -5*p = -0*p - 45. Let r = p + -6. List the prime factors of -3*(2 - r/1).
3
Let v = -24 - -90. What are the prime factors of v?
2, 3, 11
Let m be ((-24)/20)/(2/(-5)). Let a = -1 + 3. Suppose -4*d - 47 = -m*w, -4*w + a*d = d - 41. What are the prime factors of w?
3
Let c = 11 - 16. Let l(u) = -4*u + 3. List the prime factors of l(c).
23
Suppose 4*u + 0*u = 8. Let t = -2 + 3. List the prime factors of (11 - t) + 0 + u.
2, 3
List the prime factors of (5 + 0 + -1)*49/2.
2, 7
Suppose -32 = -3*z + 67. Let i be 69/(-6)*(-1 + 3). Let y = i + z. What are the prime factors of y?
2, 5
Suppose -3*z - 2*r + 64 = 0, 4*z - 2*r - 92 = -6*r. List the prime factors of z.
2, 3
Suppose -98 - 2 = 5*k. List the prime factors of -2 + (3 - (-2 + k)).
23
Suppose -2*b + 2 = -3*u, -u - 10 = -3*b - 0. What are the prime factors of (1 + 13)/(u + -1)?
2, 7
Suppose -3*b + 79 = q, 2*q = -b + 20 + 148. List the prime factors of q.
5, 17
Let p = -162 - -268. List the prime factors of p.
2, 53
Suppose -9*v + 245 + 1465 = 0. List the prime factors of v.
2, 5, 19
Suppose 5*j - 4*j = -2*u + 15, 0 = j - 3*u. Let n = j - -12. List the prime factors of n.
3, 7
Suppose 0*k - 2*k = 52. List the prime factors of k/3*(-3)/1.
2, 13
Let w be (1 + (3 - 5))*1. Let m(y) = y. Let n be m(6). What are the prime factors of (3/(-6))/(w/n)?
3
Let r(x) = x**2 - x - 1. Let t be r(-1). Let s be (t - -1)*2/4. What are the prime factors of (6/(-9))/(s/(-12))?
2
Suppose -n - 2 = -2*n. Suppose -3*l - 3*r = -n*r - 146, 0 = 4*r + 4. List the prime factors of l.
7
Let f = 0 - -4. Suppose -8*x + 100 = -f*x. List the prime factors of x.
5
Suppose 3*b - 4*z = -56, -3*z + 36 = -2*b - 0*b. Let u = b - -61. What are the prime factors of u?
37
Suppose -136 = -4*o - 48. List the prime factors of o.
2, 11
Let c(f) = f + 8. Let n be c(-6). Let i = 6 - n. What are the prime factors of i?
2
Let k = 48 - 3. List the prime factors of k.
3, 5
Let o(b) = -b**3 + b**2 - 2*b + 1. Let d be o(1). Let c be (-1)/(-3) + d/3. Suppose 5*v - 7 - 3 = c. What are the prime factors of v?
2
Suppose -2*a + 5*o = -11, -a + 56 = 5*o + 13. Let z = -11 + a. List the prime factors of z.
7
Let j be 70/22 + (-4)/22. Suppose -j*s = -0*s + 5*f + 45, 2*s + 4*f + 32 = 0. List the prime factors of (2 - 3) + 0 - s.
3
Suppose 4*y - 3 = 1. Suppose 3*q - 9 - 18 = -2*i, -q = -2*i - y. List the prime factors of q.
7
Suppose 12 = c - 4*n, -c + 5*n + 13 + 3 = 0. List the prime factors of ((-6)/c)/(3/8).
2
Suppose 2*q - 2*u = 4*q, 3 = -u. Let k be (-1)/(q - (-38)/(-12)). Let m(x) = 3*x - 4. List the prime factors of m(k).
2, 7
Suppose -4*v + 1197 = 3*v. List the prime factors of v.
3, 19
List the prime factors of (-10)/(-8) + (-354)/(-24).
2
Suppose 0 = -n + 6*n - 10. Suppose 4*u + 26 = n*a, -2*u = -4*a - u + 38. What are the prime factors of a?
3
Suppose -a = -5*a + 4*n + 12, 4*a + n = -13. Let p = 4 + a. Suppose -5*c - 5*z + 75 = 0, 3*c - 2*c - 6 = p*z. What are the prime factors of c?
2, 3
Suppose 106 = 5*i + 4*g - 41, 5*g - 21 = -i. What are the prime factors of i?
31
Suppose 7*y + 3*x - 81 = 3*y, 0 = 3*y - 2*x - 65. Suppose z - 3 = -2*s, -5*z - 8*s + y = -4*s. What are the prime factors of z?
5
List the prime factors of 149 + 3*((-5)/(-3) - 2).
2, 37
Let p(x) = -x**2 - 5*x - 3. Let o be p(-2). Let j be (4/(-6))/(1/(-3)). Suppose -j*t = -o*t + 14. List the prime factors of t.
2, 7
Suppose 35 = t + 2*f, 3*f - 97 = -3*t + f. What are the prime factors of t?
31
Suppose c + 0 = -1. List the prime factors of -1 + 7 + -1 + c.
2
Let k(i) = 2*i + 3*i**2 - i**2 + 4*i. Let f be k(-4). Suppose -5*a - 5*g = -75, -12 - f = -4*g. What are the prime factors of a?
2, 5
List the prime factors of (61 - 10) + 1 + 0.
2, 13
Let d be (-7 - 3)/(0 - 2). Let c = 9 - d. Suppose c*s = s + 39. List the prime factors of s.
13
Let n(x) = x. Let k(h) = 5*h + 1. Let p(v) = k(v) - 4*n(v). Let q be p(0). Suppose q = a - 1. What are the prime factors of a?
2
Suppose 4*n = 13 + 47. What are the prime factors of n?
3, 5
Suppose 5*z - q - 1636 = -0*q, 5*z - 1631 = -4*q. What are the prime factors of z?
3, 109
Let n be (-3)/(68/20 + -4). Let g be ((-2)/4)/((-2)/228). Suppose -g + 2 = -n*h. List the prime factors of h.
11
Suppose 7*d = 6*d - 3*t + 262, 0 = -d - 2*t + 261. What are the prime factors of d?
7, 37
Suppose -6*w = -2*w + 16. Let j = 15 + w. What are the prime factors of (-522)/(-33) + 2/j?
2
Let h(a) = -11*a**2 + 2*a. Let g be h(-3). What are the prime factors of (-2)/(